{"id":3,"date":"2023-04-25T10:17:34","date_gmt":"2023-04-25T08:17:34","guid":{"rendered":"https:\/\/ventes-privees.lugand-aciers.fr\/?page_id=3"},"modified":"2023-04-26T13:22:12","modified_gmt":"2023-04-26T11:22:12","slug":"politique-de-confidentialite","status":"publish","type":"page","link":"https:\/\/ventes-privees.lugand-aciers.fr\/?page_id=3","title":{"rendered":"Politique de confidentialit\u00e9"},"content":{"rendered":"\t\t<div data-elementor-type=\"wp-page\" data-elementor-id=\"3\" class=\"elementor elementor-3\">\n\t\t\t\t\t\t<section class=\"elementor-section elementor-top-section elementor-element elementor-element-7e58c62d elementor-section-boxed elementor-section-height-default elementor-section-height-default\" data-id=\"7e58c62d\" data-element_type=\"section\">\n\t\t\t\t\t\t<div class=\"elementor-container elementor-column-gap-default\">\n\t\t\t\t\t<div class=\"elementor-column elementor-col-100 elementor-top-column elementor-element elementor-element-5c3cba6e\" data-id=\"5c3cba6e\" data-element_type=\"column\">\n\t\t\t<div class=\"elementor-widget-wrap elementor-element-populated\">\n\t\t\t\t\t\t<div class=\"elementor-element elementor-element-55334a0b elementor-widget elementor-widget-text-editor\" data-id=\"55334a0b\" data-element_type=\"widget\" data-widget_type=\"text-editor.default\">\n\t\t\t\t<div class=\"elementor-widget-container\">\n\t\t\t\t\t\t\t<!-- wp:heading -->\n<p>I \u2013 Pr\u00e9sentation du site<\/p>\n<p>Les diff\u00e9rents intervenants, dans le cadre de sa r\u00e9alisation et de son suivi, sont les suivants :<\/p>\n<p>Editeur :<\/p>\n<p>LUGAND ACIERS, Soci\u00e9t\u00e9 par Actions Simplifi\u00e9e au capital de 12 500 000 \u20acuro<\/p>\n<p>RCS : BOURG EN BRESSE \u2013 B 451932511<\/p>\n<p>Si\u00e8ge social : 85 Route de Ch\u00e2teau Covet \u2013 01100 GROISSIAT<\/p>\n<p>Adresse \u00e9lectronique : contact@lugand-aciers.com<\/p>\n<p>T\u00e9l\u00e9phone : 33 (0) 4 74 81 91 50<\/p>\n<p>H\u00e9bergeur :<\/p>\n<p>OVH<\/p>\n<p>SAS au capital de 10 069 020 \u20ac<\/p>\n<p>RCS Lille M\u00e9tropole 424 761 419 00045<\/p>\n<p>Code APE 2620Z<\/p>\n<p>N\u00b0 TVA : FR 22 424 761 419<\/p>\n<p>Si\u00e8ge social : 2 rue Kellermann \u2013 59100 Roubaix \u2013 France.<\/p>\n<p>Directeur de la publication : Didier LUGAND (Pr\u00e9sident)<\/p>\n<p>II \u2013 L\u2019usage du site www.ventes-privees.lugand-aciers.fr suppose l\u2019acceptation, sans aucune exception, de l\u2019ensemble des dispositions des pr\u00e9sentes conditions g\u00e9n\u00e9rales d\u2019utilisation, qui peuvent, le cas \u00e9ch\u00e9ant, \u00eatre modifi\u00e9es ou compl\u00e9t\u00e9es \u00e0 tout moment.<\/p>\n<p>Si le site est normalement accessible \u00e0 tout moment aux utilisateurs, une suspension ou m\u00eame une interruption de la diffusion de tout ou partie du site peut \u00eatre d\u00e9cid\u00e9e, notamment, pour des raisons de maintenance technique, sans qu\u2019il en r\u00e9sulte une quelconque responsabilit\u00e9 de la part de LUGAND ACIERS, susceptible de justifier une quelconque r\u00e9paration.<\/p>\n<p>Dans une telle hypoth\u00e8se, le site www.ventes-privees.lugand-aciers.fr veillera \u00e0 en informer, au pr\u00e9alable, les utilisateurs en indiquant les p\u00e9riodes pr\u00e9cises de suspension.<\/p>\n<p>Les utilisateurs sont donc invit\u00e9s \u00e0 consulter r\u00e9guli\u00e8rement les pr\u00e9sentes conditions g\u00e9n\u00e9rales d\u2019utilisation.<\/p>\n<p>III \u2013 L\u2019objet du site www.ventes-privees.lugand-aciers.fr est de fournir un service de s\u00e9lection de produits en pr\u00e9-commande.<\/p>\n<p>Le site ne pr\u00e9sente pas, en cons\u00e9quence, un caract\u00e8re marchand et les informations qui sont diffus\u00e9es ne sauraient \u00eatre consid\u00e9r\u00e9es comme une offre commerciale. Les commandes se feront en direct avec un commercial Lugand Aciers.<\/p>\n<p>Si LUGAND ACIERS s\u2019efforce de porter sur le site www.ventes-privees.lugand-aciers.fr, des informations aussi pr\u00e9cises que possible, sa responsabilit\u00e9 ne saurait cependant \u00eatre engag\u00e9e en cas d\u2019omission, inexactitude qui pourrait notamment, \u00eatre li\u00e9e \u00e0 un retard dans les mises \u00e0 jour.<\/p>\n<p>Toutes les informations indiqu\u00e9es sur le site www.ventes-privees.lugand-aciers.fr sont communiqu\u00e9es \u00e0 titre indicatif et pr\u00e9sentent par nature, un caract\u00e8re \u00e9volutif.<\/p>\n<p>Ces informations n\u2019ont pas, en cons\u00e9quence, de caract\u00e8re contractuel.<\/p>\n<p>IV \u2013 LUGAND ACIERS ne saurait \u00eatre d\u00e9clar\u00e9e responsable d\u2019un quelconque dommage, qu\u2019il soit subi par l\u2019utilisateur, que celui-ci soit direct ou non, qui r\u00e9sulterait d\u2019une connexion ou d\u2019une absence de connexion au site et ce, quelle que soit la nature du dommage.<\/p>\n<p>Des espaces interactifs \u00e9tant laiss\u00e9s \u00e0 la disposition des utilisateurs, LUGAND ACIERS se r\u00e9serve la possibilit\u00e9 de supprimer, sans mise en demeure pr\u00e9alable, tout contenu d\u00e9pos\u00e9 dans ces espaces, dans la mesure o\u00f9 ledit contenu serait notamment, soit contraire \u00e0 la l\u00e9gislation fran\u00e7aise, soit de nature \u00e0 porter pr\u00e9judice \u00e0 un tiers.<\/p>\n<p>La suppression du contenu n\u2019est pas exclusive d\u2019une action civile et\/ou p\u00e9nale, engag\u00e9e par LUGAND ACIERS \u00e0 l\u2019encontre de l\u2019utilisateur, lorsque celui-ci fait preuve de malveillance.<\/p>\n<p>Il est rappel\u00e9 que l\u2019usage du site suppose un comportement loyal de la part de l\u2019utilisateur, notamment, son engagement \u00e0 ne pas introduire de fichiers, de donn\u00e9es de quelque nature que ce soit, susceptibles de perturber le bon fonctionnement du site.<\/p>\n<p>Si tel devait \u00eatre, n\u00e9anmoins, le cas, LUGAND ACIERS se r\u00e9serve la possibilit\u00e9 d\u2019engager des poursuites contre les utilisateurs malveillants.<\/p>\n<p>V \u2013 LUGAND ACIERS est propri\u00e9taire de l\u2019ensemble des droits de propri\u00e9t\u00e9 intellectuelle et dispose de droits d\u2019usage sur tous les \u00e9l\u00e9ments accessibles sur le site (texte, image, graphisme, logotype, ic\u00f4ne, son, logiciel,\u2026).<\/p>\n<p>Toute reproduction, repr\u00e9sentation totale ou partielle du site ou de ses \u00e9l\u00e9ments, quel que soit le proc\u00e9d\u00e9 et le support utilis\u00e9, sans autorisation pr\u00e9alable et expresse de LUGAND ACIERS, est en cons\u00e9quence, interdite et est susceptible d\u2019\u00eatre poursuivie et sanctionn\u00e9e, conform\u00e9ment aux dispositions des articles L 335-2 et suivants du Code de Propri\u00e9t\u00e9 Intellectuelle.<\/p>\n<p>VI \u2013 Ainsi qu\u2019il r\u00e9sulte de la Loi n\u00b0 78 -17 du 6 janvier 1978, de la Loi n\u00b0 2004-801 du 6 ao\u00fbt 2004, et de l\u2019article L 226-13 du Code P\u00e9nal, les donn\u00e9es personnelles sont en FRANCE, prot\u00e9g\u00e9es.<\/p>\n<p>Cependant, \u00e0 l\u2019occasion de l\u2019utilisation du site, peuvent \u00eatre recueillis l\u2019URL, des liens par le biais desquels, l\u2019utilisateur a pu acc\u00e9der au site, ainsi que le fournisseur d\u2019acc\u00e8s de l\u2019utilisateur, l\u2019adresse IP de l\u2019utilisateur.<\/p>\n<p>LUGAND ACIERS ne collecte des informations personnelles relatives \u00e0 l\u2019utilisateur que pour le besoin de certains services qui pourraient \u00eatre propos\u00e9s et sous r\u00e9serve que ces donn\u00e9es aient \u00e9t\u00e9 saisies en connaissance de cause par l\u2019utilisateur qui est alors inform\u00e9 de l\u2019obligation ou non de fournir ces informations.<\/p>\n<p>En tout \u00e9tat de cause, aucune information personnelle de l\u2019utilisateur du site www.ventes-privees.lugand-aciers.fr n\u2019est, \u00e0 son insu, publi\u00e9e, \u00e9chang\u00e9e, transf\u00e9r\u00e9e, c\u00e9d\u00e9e ou vendue \u00e0 des tiers, exception faite du rachat de LUGAND ACIERS, ces droits \u00e9tant alors transmis \u00e0 l\u2019acqu\u00e9reur qui sera tenu par les m\u00eames obligations de conservation et de confidentialit\u00e9.<\/p>\n<p>Enfin, conform\u00e9ment aux dispositions de la Loi n\u00b0 78-17 du 6 janvier 1978 relative \u00e0 l\u2019informatique, aux fichiers et aux libert\u00e9s, tout utilisateur dispose d\u2019un droit d\u2019acc\u00e8s, de rectification et d\u2019opposition aux donn\u00e9es personnelles le concernant en pr\u00e9sentant sa demande \u00e9crite \u00e0 l\u2019adresse suivante :<\/p>\n<p>\u2013 par courrier : LUGAND ACIERS \u2013 Direction Commerciale \u2013 85 Route de Ch\u00e2teau Covet \u2013 01100 GROISSIAT<\/p>\n<p>\u2013 par courriel : contact@lugand-aciers.com<\/p>\n<p>La demande sign\u00e9e doit \u00eatre alors accompagn\u00e9e d\u2019une copie d\u2019un document d\u2019identit\u00e9 et de l\u2019indication de l\u2019adresse \u00e0 laquelle, la r\u00e9ponse doit \u00eatre adress\u00e9e.<\/p>\n<p>VII \u2013 Le site www.ventes-privees.lugand-aciers.fr peut contenir des liens hypertexte vers d\u2019autres sites.<\/p>\n<p>Il est rappel\u00e9 cependant, que LUGAND ACIERS ne dispose pas de la capacit\u00e9 de v\u00e9rifier le contenu des sites auxquels, l\u2019utilisateur peut acc\u00e9der.<\/p>\n<p>LUGAND ACIERS n\u2019assumera, en cons\u00e9quence, aucune responsabilit\u00e9 de ce fait.<\/p>\n<p>Par ailleurs, la navigation sur le site www.ventes-privees.lugand-aciers.fr peut conduire \u00e0 l\u2019implantation d\u2019un cookie dans l\u2019ordinateur de l\u2019utilisateur.<\/p>\n<p>Ce cookie ne permet pas \u00e0 LUGAND ACIERS d\u2019identifier l\u2019utilisateur. En revanche, il enregistre des informations relatives \u00e0 la navigation de l\u2019ordinateur sur le site LUGAND ACIERS (les pages consult\u00e9es, la date et heure de consultation, \u2026) que LUGAND ACIERS pourra lire lors des visites ult\u00e9rieures de l\u2019utilisateur.<\/p>\n<p>Celui-ci pourra, n\u00e9anmoins, s\u2019opposer \u00e0 l\u2019enregistrement de cookies en configurant son navigateur \u00e0 partir du menu \u00ab param\u00e8tres \u00bb.<\/p>\n<p>LUGAND ACIERS peut \u00eatre \u00e9galement amen\u00e9e \u00e0 utiliser des donn\u00e9es de navigation de l\u2019utilisateur par le biais de cookies g\u00e9n\u00e9r\u00e9s par un partenaire.<\/p>\n<p>L\u2019utilisateur dispose, dans tous les cas, de la possibilit\u00e9 d\u2019accepter l\u2019implantation de cookies, de les refuser, \u00e9tant pr\u00e9cis\u00e9 que la d\u00e9sactivation des cookies est susceptible d\u2019entrainer un mode d\u00e9grad\u00e9 de fonctionnement des services assur\u00e9s par LUGAND ACIERS qui, dans une telle hypoth\u00e8se, verra sa responsabilit\u00e9 totalement d\u00e9gag\u00e9e.<\/p>\n<p>L\u2019utilisateur pourra \u00e9galement, \u00e0 tout moment, modifier son choix d\u2019accepter ou de refuser l\u2019implantation de cookies.<\/p>\n<p>L\u2019opposition \u00e0 l\u2019enregistrement de cookies peut \u00eatre r\u00e9alis\u00e9e en se connectant sur les sites suivants :<\/p>\n<p>\u2013 SAFARI tm : https:\/\/support.apple.com\/kb\/PH17191?locale=fr_FR&amp;viewlocale=fr_FR<\/p>\n<p>\u2013 CHROME tm : https:\/\/support.google.com\/chrome\/answer\/95647?co=GENIE.Platform%3DDesktop&amp;hl=fr<\/p>\n<p>\u2013 FIREFOX tm : https:\/\/support.mozilla.org\/fr\/kb\/activer-desactiver- cookies<\/p>\n<p>\u2013 INTERNET EXPLORER tm : http:\/\/windows.microsoft.com\/fr-fr\/windows- vista\/block-or- allow-cookies<\/p>\n<p>\u2013 OPERA tm : http:\/\/help.opera.com\/Windows\/10.20\/fr\/cookies.html<\/p>\n<p>VIII \u2013 Le site www.ventes-privees.lugand-aciers.fr est conforme \u00e0 la l\u00e9gislation fran\u00e7aise et en aucun cas, LUGAND ACIERS ne donne de garantie de conformit\u00e9 \u00e0<\/p>\n<p>la l\u00e9gislation locale qui serait applicable \u00e0 l\u2019utilisateur, d\u00e8s lors que celui-ci acc\u00e8de au site, \u00e0 partir d\u2019autres pays.<\/p>\n<!-- \/wp:paragraph -->\t\t\t\t\t\t<\/div>\n\t\t\t\t<\/div>\n\t\t\t\t\t<\/div>\n\t\t<\/div>\n\t\t\t\t\t<\/div>\n\t\t<\/section>\n\t\t\t\t<\/div>\n\t\t","protected":false},"excerpt":{"rendered":"<p>I \u2013 Pr\u00e9sentation du site Les diff\u00e9rents intervenants, dans le cadre de sa r\u00e9alisation et de son suivi, sont les suivants : Editeur : LUGAND ACIERS, Soci\u00e9t\u00e9 par Actions Simplifi\u00e9e au capital de 12 500 000 \u20acuro RCS : BOURG EN BRESSE \u2013 B 451932511 Si\u00e8ge social : 85 Route de Ch\u00e2teau Covet \u2013 01100 [&hellip;]<\/p>\n","protected":false},"author":1,"featured_media":0,"parent":0,"menu_order":0,"comment_status":"closed","ping_status":"open","template":"","meta":{"footnotes":""},"class_list":["post-3","page","type-page","status-publish","hentry"],"_links":{"self":[{"href":"https:\/\/ventes-privees.lugand-aciers.fr\/index.php?rest_route=\/wp\/v2\/pages\/3","targetHints":{"allow":["GET"]}}],"collection":[{"href":"https:\/\/ventes-privees.lugand-aciers.fr\/index.php?rest_route=\/wp\/v2\/pages"}],"about":[{"href":"https:\/\/ventes-privees.lugand-aciers.fr\/index.php?rest_route=\/wp\/v2\/types\/page"}],"author":[{"embeddable":true,"href":"https:\/\/ventes-privees.lugand-aciers.fr\/index.php?rest_route=\/wp\/v2\/users\/1"}],"replies":[{"embeddable":true,"href":"https:\/\/ventes-privees.lugand-aciers.fr\/index.php?rest_route=%2Fwp%2Fv2%2Fcomments&post=3"}],"version-history":[{"count":3,"href":"https:\/\/ventes-privees.lugand-aciers.fr\/index.php?rest_route=\/wp\/v2\/pages\/3\/revisions"}],"predecessor-version":[{"id":131,"href":"https:\/\/ventes-privees.lugand-aciers.fr\/index.php?rest_route=\/wp\/v2\/pages\/3\/revisions\/131"}],"wp:attachment":[{"href":"https:\/\/ventes-privees.lugand-aciers.fr\/index.php?rest_route=%2Fwp%2Fv2%2Fmedia&parent=3"}],"curies":[{"name":"wp","href":"https:\/\/api.w.org\/{rel}","templated":true}]}}